s the highest common divisor of h and 15?
5
Let n(u) = u**3 + 6*u**2. Let c be n(-6). Let g = c + 0. Suppose -4*l + 0*l + 48 = g. What is the greatest common divisor of l and 12?
12
Let o(b) = 3*b**2 + 6*b + 1. Let f be o(-3). Calculate the greatest common divisor of f and 2.
2
Let f = 90 - 87. Let g = -25 + 37. Suppose 3*v - g = -v. Calculate the highest common factor of v and f.
3
Let w = -5 - -14. Let l be (w/(-5))/((-4)/20). Calculate the highest common divisor of l and 81.
9
Suppose -v = 3*m + 6, v + 10 - 28 = 5*m. Let l be m/6*4*-7. Suppose -257 + 82 = -5*g. What is the highest common divisor of l and g?
7
Suppose 0 = 5*m - 3*a - a - 27, -3*m = 3*a. Suppose 4 = 4*w, m*w - 49 = -5*o - 16. Let c be 2/3 - (-80)/o. Calculate the greatest common factor of 70 and c.
14
Suppose 9 - 33 = 4*n. Let l be 3/((-9)/n)*2. What is the greatest common factor of 8 and l?
4
Let j = 24 - 6. Suppose -144 = -6*o + 4*o. Calculate the greatest common divisor of j and o.
18
Suppose -2*l = r - 10, -5*r + 3*l = -20 - 30. What is the greatest common factor of r and 2?
2
Let i(a) be the third derivative of a**4/4 - a**3 + 3*a**2. Let l be i(6). What is the greatest common factor of 10 and l?
10
Let h be (-18)/(-108) + (-1726)/(-12). What is the greatest common factor of h and 36?
36
Let h be (-3)/(-6) + 218/4. Calculate the greatest common divisor of 22 and h.
11
Let k be 30*((-26)/(-91) - (-8)/21). What is the highest common divisor of k and 50?
10
Let j(d) = -d**2 + 17*d + 6. Let y be j(12). What is the highest common factor of y and 6?
6
Suppose l - 3*b = -0*l + 6, b + 6 = -l. Let j = l + 88. What is the greatest common divisor of 34 and j?
17
Let x = 13 + -8. Let u(t) = 9*t - 9. Let r be u(6). What is the greatest common divisor of r and x?
5
Suppose 5*i = -5 - 40. Let d be (-1)/(-4) - i/(-4). Let s be (-2 - 0)*1/d. Calculate the highest common divisor of s and 7.
1
Let x(o) = -o**2 - 4*o + 4. Let r = -2 - 2. Let l be x(r). What is the greatest common factor of 44 and l?
4
Suppose -5*q = -82 - 108. Let r = q - 8. What is the greatest common factor of r and 45?
15
Let t(w) be the second derivative of w**5/10 - 5*w**4/12 + w**3/2 - 5*w**2/2 + 3*w. Let b be t(4). What is the highest common divisor of b and 22?
11
Let r be (0 + 1)/(-6 + (-65)/(-10)). Calculate the highest common factor of 14 and r.
2
Suppose t + 2*w + 2 = 0, -5*t + 34 = -2*w - 4. Let z(u) = -u**2 + 13*u. Let d be z(6). Calculate the greatest common factor of t and d.
6
Let m = -1 + 46. What is the greatest common factor of 5 and m?
5
Let l(h) = 5*h - 12. Let z be l(8). Suppose -2*g = 2*g - z. What is the greatest common divisor of g and 1?
1
Let x be (-2)/10 + (-1381)/(-5). Calculate the highest common divisor of x and 46.
46
Suppose -2*i + 176 = 2*o, -i - 4*o = 2*i - 262. What is the greatest common divisor of i and 18?
18
Let x be (3/2)/((-9)/(-24)). Suppose 0*w + x*w - 5*n = 2, 4*n - 5 = w. Calculate the greatest common factor of w and 18.
3
Let h be -26*((-1)/2)/1. Let q = 29 + -16. Calculate the highest common factor of q and h.
13
Suppose -5*v + 15 = -0. Suppose -2*x + 123 = 4*l - 95, 272 = 5*l + v*x. Calculate the greatest common divisor of l and 5.
5
Let q(w) = 3*w**2 - 6*w + 4. Let n be q(4). Let p(l) = -l**3 + 7*l**2 + 2*l - 7. Let g be p(7). What is the greatest common factor of g and n?
7
Suppose -3*k - 2*k + j = 29, 3*k + j = -11. Let d(t) = 2*t**2 - 2*t + 5. Let m be d(k). Calculate the greatest common factor of m and 13.
13
Let p be (1/(-1))/((-2)/(-6)). Let j(a) = a**3 + 5*a**2 + 3*a + 3. Let l be j(p). What is the highest common divisor of l and 18?
6
Let m(f) = -f + 30. Let k be m(16). What is the highest common divisor of k and 14?
14
Let j(f) = -f. Let t(s) = -2*s + 1. Let w(m) = -14*j(m) + 6*t(m). Let d be w(10). What is the greatest common divisor of d and 65?
13
Let o = 56 - 16. Suppose k - 6*k + 65 = 0. Let x = k - 9. Calculate the highest common divisor of o and x.
4
Let h = -12 + 20. Let i = -175 - -199. What is the highest common divisor of h and i?
8
Let u = 138 + -64. Calculate the greatest common divisor of u and 185.
37
Let r = -1 + 5. Let o be (-6)/9 - (0 - 60/9). Calculate the highest common divisor of r and o.
2
Let k = 99 - 66. What is the highest common factor of k and 22?
11
Suppose 15*j - 11*j - 24 = 0. Suppose 5*x - 3*b = -j*b + 559, -b - 107 = -x. What is the highest common factor of x and 10?
10
Suppose 0*j = 2*j. Suppose j*a - 4*n - 34 = -2*a, 0 = -3*a + 2*n + 31. What is the greatest common divisor of a and 49?
7
Let o = 34 - -1. Calculate the greatest common divisor of 105 and o.
35
Let l be 1/2*(-7 - -7). Suppose 7*f - 2*f + d = 27, l = 5*d - 10. What is the greatest common factor of 15 and f?
5
Let l(u) = -u - 2. Let b be l(-14). Calculate the greatest common factor of 3 and b.
3
Let q(r) = 8*r - 1. Let t = 5 - 1. Suppose -10 = -2*l + t. Let c be q(l). What is the highest common factor of 22 and c?
11
Suppose f + 64 = 4*f + j, j - 42 = -2*f. Suppose v + v = f. Calculate the highest common divisor of 22 and v.
11
Suppose -5*n - 2*z + 18 = 0, -3*n = z - 5*z - 16. What is the highest common factor of 4 and n?
4
Let o = -41 - -81. Calculate the greatest common factor of o and 5.
5
Let o = 3 - 3. Suppose 15 = 5*n - l, -n + 3*l + 1 + 16 = o. Let x be 2/((-4)/(-34)) - n. What is the greatest common divisor of x and 135?
15
Suppose 0*t + 2*b + 3 = -t, -3*t + 5*b = -35. Suppose -3*v = -8*i + 4*i - 35, v + 4*i + 15 = 0. Calculate the highest common divisor of t and v.
5
Let y be ((-3)/(-9))/(-1) + 416/24. What is the greatest common divisor of 255 and y?
17
Suppose -4*z + 0*z = -12. Suppose -3*m + 3*d + 1 = 4, 3*m = 4*d - 2. Let y = m + z. What is the highest common factor of y and 8?
1
Let y be -16*(2/(-1))/4. Let l(c) = -c**2 + c + 1. Let x be l(0). What is the highest common factor of y and x?
1
Suppose 4*j - j - 60 = 0. What is the greatest common factor of 10 and j?
10
Suppose -5*k - 5*s + 360 = 0, 0 = -5*k - 3*s + 163 + 201. Suppose -5*z + h + 550 = 0, -2*h - 100 = -5*z + 445. What is the greatest common divisor of k and z?
37
Let c = -3 - -16. Let g(q) = -q**2 - 4*q. Let u be g(-3). Suppose 3*s = 2*s - u*d + 54, -4*s + 176 = 4*d. Calculate the highest common factor of c and s.
13
Let j be ((42/8)/(-7))/(2/(-64)). What is the greatest common factor of 16 and j?
8
Let j = 0 + 7. Calculate the greatest common factor of 28 and j.
7
Let h(i) = -3 + 3 + 3 + 4*i - 3*i. Let w be h(-3). Let c = 5 + w. What is the greatest common factor of 25 and c?
5
Let w be 17/4 + (-10)/40. Suppose -3*n = -19 + w. Suppose -6*o + 3*m = -o - 11, 2*o = n*m - 7. What is the highest common factor of o and 32?
4
Suppose -196 = -7*w - 70. Let y(q) = 3*q. Let p be y(1). Calculate the greatest common factor of w and p.
3
Let t(h) = h**3 + 2*h**2 + 5. Let n be t(-4). Let w = -9 - n. Calculate the greatest common factor of w and 72.
18
Let i(p) = p**3 + 4*p**2 - 3*p + 1. Let r be i(3). Let x(t) = t**3 + 7*t**2 + 10*t + 11. Let u be x(-5). What is the highest common factor of r and u?
11
Let f(b) = 7*b**2 - 2*b. Let z be f(-4). Suppose 5*d - z = 2*d. Let x(w) = -5*w - 75. Let a be x(-16). What is the highest common divisor of d and a?
5
Suppose -4*i + 2*i + 16 = 0. Let o = i - 3. Calculate the highest common factor of o and 20.
5
Suppose 4 = -4*y + 20. Suppose -y*v - 4*i = v - 102, 4*i = 2*v - 24. Let t(s) = s - 2. Let n be t(4). Calculate the highest common divisor of n and v.
2
Let f(p) = 2*p**2 + 6*p + 4. Suppose -2*x = 4 + 10. Let n be f(x). Calculate the greatest common divisor of n and 15.
15
Let i(u) = 4*u + 10. Let f be i(2). Let d = 257 - 131. Calculate the highest common factor of d and f.
18
Let u = -159 + 262. Suppose 3*b - 425 - u = 0. What is the highest common factor of 16 and b?
16
Let z be 2/6 - 538/(-6). Let m(h) = -30*h. Let y be m(-2). Suppose y = -i + 5*i. What is the highest common divisor of z and i?
15
Let m = -161 + 84. Let y = 46 + m. Let f = y - -61. Calculate the highest common factor of f and 10.
10
Let n(z) = z - 4. Let p be n(0). Let j = -2 - p. Suppose j*a - 6*a = -16. What is the greatest common factor of a and 36?
4
Suppose -5*z + z = -12. Suppose 0 = -4*r + z*a - 13, 0*r + 4*a - 16 = 4*r. Let s = 6 + r. Calculate the highest common factor of s and 20.
5